
{"id":1887,"date":"2022-10-05T18:50:46","date_gmt":"2022-10-05T18:50:46","guid":{"rendered":"http:\/\/castilloochotorena.com\/?page_id=1887"},"modified":"2022-11-05T17:52:11","modified_gmt":"2022-11-05T17:52:11","slug":"proyecto-volver-a-intentarlo","status":"publish","type":"page","link":"http:\/\/castilloochotorena.com\/index.php\/proyecto-volver-a-intentarlo\/","title":{"rendered":"Proyecto \u00abVolver a intentarlo\u00bb. CDMX"},"content":{"rendered":"\n<figure class=\"wp-block-embed is-type-video is-provider-youtube wp-block-embed-youtube wp-embed-aspect-16-9 wp-has-aspect-ratio\"><div class=\"wp-block-embed__wrapper\">\n<iframe loading=\"lazy\" title=\"Proyecto &quot;Volver a intentarlo&quot; de #castilloochotorena (o no...) desde M\u00e9xico\" width=\"904\" height=\"509\" src=\"https:\/\/www.youtube.com\/embed\/oRmtZWILpEQ?feature=oembed\" frameborder=\"0\" allow=\"accelerometer; autoplay; clipboard-write; encrypted-media; gyroscope; picture-in-picture\" allowfullscreen><\/iframe>\n<\/div><\/figure>\n\n\n\n<p>Cuando llegu\u00e9 a M\u00e9xico hace unos meses, me pareci\u00f3 muy emocionante el hecho de venir a un pa\u00eds y ciudad nuevos donde nadie me conoc\u00eda ni sab\u00eda de mi vida o pasado. Un nuevo comienzo en un sitio donde todo est\u00e1 por escribirse, por vivirse. Esta revelaci\u00f3n me hizo pensar en el hecho de que mucha gente recurre a la artima\u00f1a de inventarse su pasado (o su presente en otras partes del globo) como una forma de huida o de hacer real un sue\u00f1o incumplido.<\/p>\n\n\n\n<p>Tras darle vueltas, me pareci\u00f3 divertido imaginarme en esa situaci\u00f3n en mi faceta de artista pero partiendo de una realidad, es decir, soy un escultor que llega a M\u00e9xico para formarse en t\u00e9cnicas artesanales pero nadie sabe de mi fama en el extranjero as\u00ed que me la invento\u2026<\/p>\n\n\n\n<p><strong>Todas las piezas se pueden comprar por Paypal m\u00e1s abajo.<\/strong><\/p>\n\n\n\n<p><strong>OBRAS QUE FORMAN PARTE DEL PROYECTO \u00abVOLVER A INTENTARLO\u00bb<\/strong><\/p>\n\n\n\n<p>Cartel Galer\u00eda \u00abNeue Vergangenheit\u00bb, Berlin. 70&#215;100 cm. Papel Cartulina Tintoretto 200 gr.<\/p>\n\n\n\n<div class=\"wp-block-group\"><div class=\"wp-block-group__inner-container is-layout-flow wp-block-group-is-layout-flow\">\n<figure class=\"wp-block-gallery has-nested-images columns-default is-cropped wp-block-gallery-1 is-layout-flex wp-block-gallery-is-layout-flex\">\n<figure class=\"wp-block-image size-large\"><a href=\"http:\/\/castilloochotorena.com\/wordpress\/wp-content\/uploads\/2022\/10\/IMG_1011-scaled-e1664993385672.jpg\"><img loading=\"lazy\" decoding=\"async\" width=\"768\" height=\"1024\" data-id=\"1896\" src=\"http:\/\/castilloochotorena.com\/wordpress\/wp-content\/uploads\/2022\/10\/IMG_1011-scaled-e1664993385672-768x1024.jpg\" alt=\"\" class=\"wp-image-1896\" srcset=\"http:\/\/castilloochotorena.com\/wordpress\/wp-content\/uploads\/2022\/10\/IMG_1011-scaled-e1664993385672-768x1024.jpg 768w, http:\/\/castilloochotorena.com\/wordpress\/wp-content\/uploads\/2022\/10\/IMG_1011-scaled-e1664993385672-225x300.jpg 225w, http:\/\/castilloochotorena.com\/wordpress\/wp-content\/uploads\/2022\/10\/IMG_1011-scaled-e1664993385672-1152x1536.jpg 1152w, http:\/\/castilloochotorena.com\/wordpress\/wp-content\/uploads\/2022\/10\/IMG_1011-scaled-e1664993385672-1536x2048.jpg 1536w, http:\/\/castilloochotorena.com\/wordpress\/wp-content\/uploads\/2022\/10\/IMG_1011-scaled-e1664993385672-678x904.jpg 678w, http:\/\/castilloochotorena.com\/wordpress\/wp-content\/uploads\/2022\/10\/IMG_1011-scaled-e1664993385672.jpg 1920w\" sizes=\"auto, (max-width: 768px) 100vw, 768px\" \/><\/a><\/figure>\n\n\n\n<figure class=\"wp-block-image size-large\"><a href=\"http:\/\/castilloochotorena.com\/wordpress\/wp-content\/uploads\/2022\/10\/IMG_1013-scaled-e1664993427496.jpg\"><img loading=\"lazy\" decoding=\"async\" width=\"768\" height=\"1024\" data-id=\"1898\" src=\"http:\/\/castilloochotorena.com\/wordpress\/wp-content\/uploads\/2022\/10\/IMG_1013-scaled-e1664993427496-768x1024.jpg\" alt=\"\" class=\"wp-image-1898\" srcset=\"http:\/\/castilloochotorena.com\/wordpress\/wp-content\/uploads\/2022\/10\/IMG_1013-scaled-e1664993427496-768x1024.jpg 768w, http:\/\/castilloochotorena.com\/wordpress\/wp-content\/uploads\/2022\/10\/IMG_1013-scaled-e1664993427496-225x300.jpg 225w, http:\/\/castilloochotorena.com\/wordpress\/wp-content\/uploads\/2022\/10\/IMG_1013-scaled-e1664993427496-1152x1536.jpg 1152w, http:\/\/castilloochotorena.com\/wordpress\/wp-content\/uploads\/2022\/10\/IMG_1013-scaled-e1664993427496-1536x2048.jpg 1536w, http:\/\/castilloochotorena.com\/wordpress\/wp-content\/uploads\/2022\/10\/IMG_1013-scaled-e1664993427496-678x904.jpg 678w, http:\/\/castilloochotorena.com\/wordpress\/wp-content\/uploads\/2022\/10\/IMG_1013-scaled-e1664993427496.jpg 1920w\" sizes=\"auto, (max-width: 768px) 100vw, 768px\" \/><\/a><\/figure>\n\n\n\n<figure class=\"wp-block-image size-large\"><a href=\"http:\/\/castilloochotorena.com\/wordpress\/wp-content\/uploads\/2022\/10\/IMG_1012-scaled-e1664993407643.jpg\"><img loading=\"lazy\" decoding=\"async\" width=\"768\" height=\"1024\" data-id=\"1897\" src=\"http:\/\/castilloochotorena.com\/wordpress\/wp-content\/uploads\/2022\/10\/IMG_1012-scaled-e1664993407643-768x1024.jpg\" alt=\"\" class=\"wp-image-1897\" srcset=\"http:\/\/castilloochotorena.com\/wordpress\/wp-content\/uploads\/2022\/10\/IMG_1012-scaled-e1664993407643-768x1024.jpg 768w, http:\/\/castilloochotorena.com\/wordpress\/wp-content\/uploads\/2022\/10\/IMG_1012-scaled-e1664993407643-225x300.jpg 225w, http:\/\/castilloochotorena.com\/wordpress\/wp-content\/uploads\/2022\/10\/IMG_1012-scaled-e1664993407643-1152x1536.jpg 1152w, http:\/\/castilloochotorena.com\/wordpress\/wp-content\/uploads\/2022\/10\/IMG_1012-scaled-e1664993407643-1536x2048.jpg 1536w, http:\/\/castilloochotorena.com\/wordpress\/wp-content\/uploads\/2022\/10\/IMG_1012-scaled-e1664993407643-678x904.jpg 678w, http:\/\/castilloochotorena.com\/wordpress\/wp-content\/uploads\/2022\/10\/IMG_1012-scaled-e1664993407643.jpg 1920w\" sizes=\"auto, (max-width: 768px) 100vw, 768px\" \/><\/a><\/figure>\n<\/figure>\n\n\n\n<p>Cartel Galer\u00eda \u00abNuevo Pasado\u00bb, Hong Kong. 70&#215;100 cm. Papel Cartulina Tintoretto 200 gr.<\/p>\n\n\n\n<figure class=\"wp-block-gallery has-nested-images columns-default is-cropped wp-block-gallery-2 is-layout-flex wp-block-gallery-is-layout-flex\">\n<figure class=\"wp-block-image size-large\"><a href=\"http:\/\/castilloochotorena.com\/wordpress\/wp-content\/uploads\/2022\/10\/IMG_1014-scaled-e1664993447521.jpg\"><img loading=\"lazy\" decoding=\"async\" width=\"768\" height=\"1024\" data-id=\"1899\" src=\"http:\/\/castilloochotorena.com\/wordpress\/wp-content\/uploads\/2022\/10\/IMG_1014-scaled-e1664993447521-768x1024.jpg\" alt=\"\" class=\"wp-image-1899\" srcset=\"http:\/\/castilloochotorena.com\/wordpress\/wp-content\/uploads\/2022\/10\/IMG_1014-scaled-e1664993447521-768x1024.jpg 768w, http:\/\/castilloochotorena.com\/wordpress\/wp-content\/uploads\/2022\/10\/IMG_1014-scaled-e1664993447521-225x300.jpg 225w, http:\/\/castilloochotorena.com\/wordpress\/wp-content\/uploads\/2022\/10\/IMG_1014-scaled-e1664993447521-1152x1536.jpg 1152w, http:\/\/castilloochotorena.com\/wordpress\/wp-content\/uploads\/2022\/10\/IMG_1014-scaled-e1664993447521-1536x2048.jpg 1536w, http:\/\/castilloochotorena.com\/wordpress\/wp-content\/uploads\/2022\/10\/IMG_1014-scaled-e1664993447521-678x904.jpg 678w, http:\/\/castilloochotorena.com\/wordpress\/wp-content\/uploads\/2022\/10\/IMG_1014-scaled-e1664993447521.jpg 1920w\" sizes=\"auto, (max-width: 768px) 100vw, 768px\" \/><\/a><\/figure>\n\n\n\n<figure class=\"wp-block-image size-large\"><a href=\"http:\/\/castilloochotorena.com\/wordpress\/wp-content\/uploads\/2022\/10\/IMG_1016-scaled-e1664993484656.jpg\"><img loading=\"lazy\" decoding=\"async\" width=\"768\" height=\"1024\" data-id=\"1901\" src=\"http:\/\/castilloochotorena.com\/wordpress\/wp-content\/uploads\/2022\/10\/IMG_1016-scaled-e1664993484656-768x1024.jpg\" alt=\"\" class=\"wp-image-1901\" srcset=\"http:\/\/castilloochotorena.com\/wordpress\/wp-content\/uploads\/2022\/10\/IMG_1016-scaled-e1664993484656-768x1024.jpg 768w, http:\/\/castilloochotorena.com\/wordpress\/wp-content\/uploads\/2022\/10\/IMG_1016-scaled-e1664993484656-225x300.jpg 225w, http:\/\/castilloochotorena.com\/wordpress\/wp-content\/uploads\/2022\/10\/IMG_1016-scaled-e1664993484656-1152x1536.jpg 1152w, http:\/\/castilloochotorena.com\/wordpress\/wp-content\/uploads\/2022\/10\/IMG_1016-scaled-e1664993484656-1536x2048.jpg 1536w, http:\/\/castilloochotorena.com\/wordpress\/wp-content\/uploads\/2022\/10\/IMG_1016-scaled-e1664993484656-678x904.jpg 678w, http:\/\/castilloochotorena.com\/wordpress\/wp-content\/uploads\/2022\/10\/IMG_1016-scaled-e1664993484656.jpg 1920w\" sizes=\"auto, (max-width: 768px) 100vw, 768px\" \/><\/a><\/figure>\n\n\n\n<figure class=\"wp-block-image size-large\"><a href=\"http:\/\/castilloochotorena.com\/wordpress\/wp-content\/uploads\/2022\/10\/IMG_1015-scaled-e1664993467172.jpg\"><img loading=\"lazy\" decoding=\"async\" width=\"768\" height=\"1024\" data-id=\"1900\" src=\"http:\/\/castilloochotorena.com\/wordpress\/wp-content\/uploads\/2022\/10\/IMG_1015-scaled-e1664993467172-768x1024.jpg\" alt=\"\" class=\"wp-image-1900\" srcset=\"http:\/\/castilloochotorena.com\/wordpress\/wp-content\/uploads\/2022\/10\/IMG_1015-scaled-e1664993467172-768x1024.jpg 768w, http:\/\/castilloochotorena.com\/wordpress\/wp-content\/uploads\/2022\/10\/IMG_1015-scaled-e1664993467172-225x300.jpg 225w, http:\/\/castilloochotorena.com\/wordpress\/wp-content\/uploads\/2022\/10\/IMG_1015-scaled-e1664993467172-1152x1536.jpg 1152w, http:\/\/castilloochotorena.com\/wordpress\/wp-content\/uploads\/2022\/10\/IMG_1015-scaled-e1664993467172-1536x2048.jpg 1536w, http:\/\/castilloochotorena.com\/wordpress\/wp-content\/uploads\/2022\/10\/IMG_1015-scaled-e1664993467172-678x904.jpg 678w, http:\/\/castilloochotorena.com\/wordpress\/wp-content\/uploads\/2022\/10\/IMG_1015-scaled-e1664993467172.jpg 1920w\" sizes=\"auto, (max-width: 768px) 100vw, 768px\" \/><\/a><\/figure>\n<\/figure>\n\n\n\n<div style=\"height:40px\" aria-hidden=\"true\" class=\"wp-block-spacer\"><\/div>\n\n\n\n<p>Cartel Galer\u00eda \u00abThe Impostor\u00bb, Singapur. 70&#215;100 cm. Papel Cartulina Tintoretto 200 gr.<\/p>\n\n\n\n<figure class=\"wp-block-gallery has-nested-images columns-default is-cropped wp-block-gallery-3 is-layout-flex wp-block-gallery-is-layout-flex\">\n<figure class=\"wp-block-image size-large\"><a href=\"http:\/\/castilloochotorena.com\/wordpress\/wp-content\/uploads\/2022\/10\/IMG_1018-scaled-e1664993504681.jpg\"><img loading=\"lazy\" decoding=\"async\" width=\"768\" height=\"1024\" data-id=\"1902\" src=\"http:\/\/castilloochotorena.com\/wordpress\/wp-content\/uploads\/2022\/10\/IMG_1018-scaled-e1664993504681-768x1024.jpg\" alt=\"\" class=\"wp-image-1902\" srcset=\"http:\/\/castilloochotorena.com\/wordpress\/wp-content\/uploads\/2022\/10\/IMG_1018-scaled-e1664993504681-768x1024.jpg 768w, http:\/\/castilloochotorena.com\/wordpress\/wp-content\/uploads\/2022\/10\/IMG_1018-scaled-e1664993504681-225x300.jpg 225w, http:\/\/castilloochotorena.com\/wordpress\/wp-content\/uploads\/2022\/10\/IMG_1018-scaled-e1664993504681-1152x1536.jpg 1152w, http:\/\/castilloochotorena.com\/wordpress\/wp-content\/uploads\/2022\/10\/IMG_1018-scaled-e1664993504681-1536x2048.jpg 1536w, http:\/\/castilloochotorena.com\/wordpress\/wp-content\/uploads\/2022\/10\/IMG_1018-scaled-e1664993504681-678x904.jpg 678w, http:\/\/castilloochotorena.com\/wordpress\/wp-content\/uploads\/2022\/10\/IMG_1018-scaled-e1664993504681.jpg 1920w\" sizes=\"auto, (max-width: 768px) 100vw, 768px\" \/><\/a><\/figure>\n\n\n\n<figure class=\"wp-block-image size-large\"><a href=\"http:\/\/castilloochotorena.com\/wordpress\/wp-content\/uploads\/2022\/10\/IMG_1020-scaled-e1664993541324.jpg\"><img loading=\"lazy\" decoding=\"async\" width=\"768\" height=\"1024\" data-id=\"1904\" src=\"http:\/\/castilloochotorena.com\/wordpress\/wp-content\/uploads\/2022\/10\/IMG_1020-scaled-e1664993541324-768x1024.jpg\" alt=\"\" class=\"wp-image-1904\" srcset=\"http:\/\/castilloochotorena.com\/wordpress\/wp-content\/uploads\/2022\/10\/IMG_1020-scaled-e1664993541324-768x1024.jpg 768w, http:\/\/castilloochotorena.com\/wordpress\/wp-content\/uploads\/2022\/10\/IMG_1020-scaled-e1664993541324-225x300.jpg 225w, http:\/\/castilloochotorena.com\/wordpress\/wp-content\/uploads\/2022\/10\/IMG_1020-scaled-e1664993541324-1152x1536.jpg 1152w, http:\/\/castilloochotorena.com\/wordpress\/wp-content\/uploads\/2022\/10\/IMG_1020-scaled-e1664993541324-1536x2048.jpg 1536w, http:\/\/castilloochotorena.com\/wordpress\/wp-content\/uploads\/2022\/10\/IMG_1020-scaled-e1664993541324-678x904.jpg 678w, http:\/\/castilloochotorena.com\/wordpress\/wp-content\/uploads\/2022\/10\/IMG_1020-scaled-e1664993541324.jpg 1920w\" sizes=\"auto, (max-width: 768px) 100vw, 768px\" \/><\/a><\/figure>\n\n\n\n<figure class=\"wp-block-image size-large\"><a href=\"http:\/\/castilloochotorena.com\/wordpress\/wp-content\/uploads\/2022\/10\/IMG_1019-scaled-e1664993522795.jpg\"><img loading=\"lazy\" decoding=\"async\" width=\"768\" height=\"1024\" data-id=\"1903\" src=\"http:\/\/castilloochotorena.com\/wordpress\/wp-content\/uploads\/2022\/10\/IMG_1019-scaled-e1664993522795-768x1024.jpg\" alt=\"\" class=\"wp-image-1903\" srcset=\"http:\/\/castilloochotorena.com\/wordpress\/wp-content\/uploads\/2022\/10\/IMG_1019-scaled-e1664993522795-768x1024.jpg 768w, http:\/\/castilloochotorena.com\/wordpress\/wp-content\/uploads\/2022\/10\/IMG_1019-scaled-e1664993522795-225x300.jpg 225w, http:\/\/castilloochotorena.com\/wordpress\/wp-content\/uploads\/2022\/10\/IMG_1019-scaled-e1664993522795-1152x1536.jpg 1152w, http:\/\/castilloochotorena.com\/wordpress\/wp-content\/uploads\/2022\/10\/IMG_1019-scaled-e1664993522795-1536x2048.jpg 1536w, http:\/\/castilloochotorena.com\/wordpress\/wp-content\/uploads\/2022\/10\/IMG_1019-scaled-e1664993522795-678x904.jpg 678w, http:\/\/castilloochotorena.com\/wordpress\/wp-content\/uploads\/2022\/10\/IMG_1019-scaled-e1664993522795.jpg 1920w\" sizes=\"auto, (max-width: 768px) 100vw, 768px\" \/><\/a><\/figure>\n<\/figure>\n\n\n\n<div style=\"height:40px\" aria-hidden=\"true\" class=\"wp-block-spacer\"><\/div>\n\n\n\n<p>Bolsa en cuero de becerro Azul A\u00f1il con RAYAS VERDES<\/p>\n\n\n\n<figure class=\"wp-block-gallery has-nested-images columns-default is-cropped wp-block-gallery-4 is-layout-flex wp-block-gallery-is-layout-flex\">\n<figure class=\"wp-block-image size-large\"><a href=\"http:\/\/castilloochotorena.com\/wordpress\/wp-content\/uploads\/2022\/10\/IMG_1314-scaled-e1664993182925.jpg\"><img loading=\"lazy\" decoding=\"async\" width=\"768\" height=\"1024\" data-id=\"1891\" src=\"http:\/\/castilloochotorena.com\/wordpress\/wp-content\/uploads\/2022\/10\/IMG_1314-scaled-e1664993182925-768x1024.jpg\" alt=\"\" class=\"wp-image-1891\" srcset=\"http:\/\/castilloochotorena.com\/wordpress\/wp-content\/uploads\/2022\/10\/IMG_1314-scaled-e1664993182925-768x1024.jpg 768w, http:\/\/castilloochotorena.com\/wordpress\/wp-content\/uploads\/2022\/10\/IMG_1314-scaled-e1664993182925-225x300.jpg 225w, http:\/\/castilloochotorena.com\/wordpress\/wp-content\/uploads\/2022\/10\/IMG_1314-scaled-e1664993182925-1152x1536.jpg 1152w, http:\/\/castilloochotorena.com\/wordpress\/wp-content\/uploads\/2022\/10\/IMG_1314-scaled-e1664993182925-1536x2048.jpg 1536w, http:\/\/castilloochotorena.com\/wordpress\/wp-content\/uploads\/2022\/10\/IMG_1314-scaled-e1664993182925-678x904.jpg 678w, http:\/\/castilloochotorena.com\/wordpress\/wp-content\/uploads\/2022\/10\/IMG_1314-scaled-e1664993182925.jpg 1920w\" sizes=\"auto, (max-width: 768px) 100vw, 768px\" \/><\/a><\/figure>\n\n\n\n<figure class=\"wp-block-image size-large\"><a href=\"http:\/\/castilloochotorena.com\/wordpress\/wp-content\/uploads\/2022\/10\/IMG_1316-scaled-e1664993200385.jpg\"><img loading=\"lazy\" decoding=\"async\" width=\"768\" height=\"1024\" data-id=\"1892\" src=\"http:\/\/castilloochotorena.com\/wordpress\/wp-content\/uploads\/2022\/10\/IMG_1316-scaled-e1664993200385-768x1024.jpg\" alt=\"\" class=\"wp-image-1892\" srcset=\"http:\/\/castilloochotorena.com\/wordpress\/wp-content\/uploads\/2022\/10\/IMG_1316-scaled-e1664993200385-768x1024.jpg 768w, http:\/\/castilloochotorena.com\/wordpress\/wp-content\/uploads\/2022\/10\/IMG_1316-scaled-e1664993200385-225x300.jpg 225w, http:\/\/castilloochotorena.com\/wordpress\/wp-content\/uploads\/2022\/10\/IMG_1316-scaled-e1664993200385-1152x1536.jpg 1152w, http:\/\/castilloochotorena.com\/wordpress\/wp-content\/uploads\/2022\/10\/IMG_1316-scaled-e1664993200385-1536x2048.jpg 1536w, http:\/\/castilloochotorena.com\/wordpress\/wp-content\/uploads\/2022\/10\/IMG_1316-scaled-e1664993200385-678x904.jpg 678w, http:\/\/castilloochotorena.com\/wordpress\/wp-content\/uploads\/2022\/10\/IMG_1316-scaled-e1664993200385.jpg 1920w\" sizes=\"auto, (max-width: 768px) 100vw, 768px\" \/><\/a><\/figure>\n\n\n\n<figure class=\"wp-block-image size-large\"><a href=\"http:\/\/castilloochotorena.com\/wordpress\/wp-content\/uploads\/2022\/10\/IMG_1317-scaled-e1664993219479.jpg\"><img loading=\"lazy\" decoding=\"async\" width=\"768\" height=\"1024\" data-id=\"1893\" src=\"http:\/\/castilloochotorena.com\/wordpress\/wp-content\/uploads\/2022\/10\/IMG_1317-scaled-e1664993219479-768x1024.jpg\" alt=\"\" class=\"wp-image-1893\" srcset=\"http:\/\/castilloochotorena.com\/wordpress\/wp-content\/uploads\/2022\/10\/IMG_1317-scaled-e1664993219479-768x1024.jpg 768w, http:\/\/castilloochotorena.com\/wordpress\/wp-content\/uploads\/2022\/10\/IMG_1317-scaled-e1664993219479-225x300.jpg 225w, http:\/\/castilloochotorena.com\/wordpress\/wp-content\/uploads\/2022\/10\/IMG_1317-scaled-e1664993219479-1152x1536.jpg 1152w, http:\/\/castilloochotorena.com\/wordpress\/wp-content\/uploads\/2022\/10\/IMG_1317-scaled-e1664993219479-1536x2048.jpg 1536w, http:\/\/castilloochotorena.com\/wordpress\/wp-content\/uploads\/2022\/10\/IMG_1317-scaled-e1664993219479-678x904.jpg 678w, http:\/\/castilloochotorena.com\/wordpress\/wp-content\/uploads\/2022\/10\/IMG_1317-scaled-e1664993219479.jpg 1920w\" sizes=\"auto, (max-width: 768px) 100vw, 768px\" \/><\/a><\/figure>\n\n\n\n<figure class=\"wp-block-image size-large\"><a href=\"http:\/\/castilloochotorena.com\/wordpress\/wp-content\/uploads\/2022\/10\/IMG_1322-scaled-e1664993242629.jpg\"><img loading=\"lazy\" decoding=\"async\" width=\"768\" height=\"1024\" data-id=\"1894\" src=\"http:\/\/castilloochotorena.com\/wordpress\/wp-content\/uploads\/2022\/10\/IMG_1322-scaled-e1664993242629-768x1024.jpg\" alt=\"\" class=\"wp-image-1894\" srcset=\"http:\/\/castilloochotorena.com\/wordpress\/wp-content\/uploads\/2022\/10\/IMG_1322-scaled-e1664993242629-768x1024.jpg 768w, http:\/\/castilloochotorena.com\/wordpress\/wp-content\/uploads\/2022\/10\/IMG_1322-scaled-e1664993242629-225x300.jpg 225w, http:\/\/castilloochotorena.com\/wordpress\/wp-content\/uploads\/2022\/10\/IMG_1322-scaled-e1664993242629-1152x1536.jpg 1152w, http:\/\/castilloochotorena.com\/wordpress\/wp-content\/uploads\/2022\/10\/IMG_1322-scaled-e1664993242629-1536x2048.jpg 1536w, http:\/\/castilloochotorena.com\/wordpress\/wp-content\/uploads\/2022\/10\/IMG_1322-scaled-e1664993242629-678x904.jpg 678w, http:\/\/castilloochotorena.com\/wordpress\/wp-content\/uploads\/2022\/10\/IMG_1322-scaled-e1664993242629.jpg 1920w\" sizes=\"auto, (max-width: 768px) 100vw, 768px\" \/><\/a><\/figure>\n\n\n\n<figure class=\"wp-block-image size-large\"><a href=\"http:\/\/castilloochotorena.com\/wordpress\/wp-content\/uploads\/2022\/10\/IMG_1323-scaled.jpg\"><img loading=\"lazy\" decoding=\"async\" width=\"1024\" height=\"768\" data-id=\"1895\" src=\"http:\/\/castilloochotorena.com\/wordpress\/wp-content\/uploads\/2022\/10\/IMG_1323-1024x768.jpg\" alt=\"\" class=\"wp-image-1895\" srcset=\"http:\/\/castilloochotorena.com\/wordpress\/wp-content\/uploads\/2022\/10\/IMG_1323-1024x768.jpg 1024w, http:\/\/castilloochotorena.com\/wordpress\/wp-content\/uploads\/2022\/10\/IMG_1323-300x225.jpg 300w, http:\/\/castilloochotorena.com\/wordpress\/wp-content\/uploads\/2022\/10\/IMG_1323-768x576.jpg 768w, http:\/\/castilloochotorena.com\/wordpress\/wp-content\/uploads\/2022\/10\/IMG_1323-1536x1152.jpg 1536w, http:\/\/castilloochotorena.com\/wordpress\/wp-content\/uploads\/2022\/10\/IMG_1323-2048x1536.jpg 2048w, http:\/\/castilloochotorena.com\/wordpress\/wp-content\/uploads\/2022\/10\/IMG_1323-904x678.jpg 904w\" sizes=\"auto, (max-width: 1024px) 100vw, 1024px\" \/><\/a><\/figure>\n<\/figure>\n\n\n\n<div style=\"height:40px\" aria-hidden=\"true\" class=\"wp-block-spacer\"><\/div>\n\n\n\n<p>Bolsa en cuero de becerro Azul Turquesa con estilo MOTOR<\/p>\n\n\n\n<figure class=\"wp-block-gallery has-nested-images columns-default is-cropped wp-block-gallery-5 is-layout-flex wp-block-gallery-is-layout-flex\">\n<figure class=\"wp-block-image size-large\"><a href=\"http:\/\/castilloochotorena.com\/wordpress\/wp-content\/uploads\/2022\/10\/IMG_1308-scaled-e1664992590933.jpg\"><img loading=\"lazy\" decoding=\"async\" width=\"768\" height=\"1024\" data-id=\"1888\" src=\"http:\/\/castilloochotorena.com\/wordpress\/wp-content\/uploads\/2022\/10\/IMG_1308-scaled-e1664992590933-768x1024.jpg\" alt=\"\" class=\"wp-image-1888\" srcset=\"http:\/\/castilloochotorena.com\/wordpress\/wp-content\/uploads\/2022\/10\/IMG_1308-scaled-e1664992590933-768x1024.jpg 768w, http:\/\/castilloochotorena.com\/wordpress\/wp-content\/uploads\/2022\/10\/IMG_1308-scaled-e1664992590933-225x300.jpg 225w, http:\/\/castilloochotorena.com\/wordpress\/wp-content\/uploads\/2022\/10\/IMG_1308-scaled-e1664992590933-1152x1536.jpg 1152w, http:\/\/castilloochotorena.com\/wordpress\/wp-content\/uploads\/2022\/10\/IMG_1308-scaled-e1664992590933-1536x2048.jpg 1536w, http:\/\/castilloochotorena.com\/wordpress\/wp-content\/uploads\/2022\/10\/IMG_1308-scaled-e1664992590933-678x904.jpg 678w, http:\/\/castilloochotorena.com\/wordpress\/wp-content\/uploads\/2022\/10\/IMG_1308-scaled-e1664992590933.jpg 1920w\" sizes=\"auto, (max-width: 768px) 100vw, 768px\" \/><\/a><\/figure>\n\n\n\n<figure class=\"wp-block-image size-large\"><a href=\"http:\/\/castilloochotorena.com\/wordpress\/wp-content\/uploads\/2022\/10\/IMG_1309-scaled-e1664993143265.jpg\"><img loading=\"lazy\" decoding=\"async\" width=\"768\" height=\"1024\" data-id=\"1889\" src=\"http:\/\/castilloochotorena.com\/wordpress\/wp-content\/uploads\/2022\/10\/IMG_1309-scaled-e1664993143265-768x1024.jpg\" alt=\"\" class=\"wp-image-1889\" srcset=\"http:\/\/castilloochotorena.com\/wordpress\/wp-content\/uploads\/2022\/10\/IMG_1309-scaled-e1664993143265-768x1024.jpg 768w, http:\/\/castilloochotorena.com\/wordpress\/wp-content\/uploads\/2022\/10\/IMG_1309-scaled-e1664993143265-225x300.jpg 225w, http:\/\/castilloochotorena.com\/wordpress\/wp-content\/uploads\/2022\/10\/IMG_1309-scaled-e1664993143265-1152x1536.jpg 1152w, http:\/\/castilloochotorena.com\/wordpress\/wp-content\/uploads\/2022\/10\/IMG_1309-scaled-e1664993143265-1536x2048.jpg 1536w, http:\/\/castilloochotorena.com\/wordpress\/wp-content\/uploads\/2022\/10\/IMG_1309-scaled-e1664993143265-678x904.jpg 678w, http:\/\/castilloochotorena.com\/wordpress\/wp-content\/uploads\/2022\/10\/IMG_1309-scaled-e1664993143265.jpg 1920w\" sizes=\"auto, (max-width: 768px) 100vw, 768px\" \/><\/a><\/figure>\n\n\n\n<figure class=\"wp-block-image size-large\"><a href=\"http:\/\/castilloochotorena.com\/wordpress\/wp-content\/uploads\/2022\/10\/IMG_1313-scaled-e1664993163592.jpg\"><img loading=\"lazy\" decoding=\"async\" width=\"768\" height=\"1024\" data-id=\"1890\" src=\"http:\/\/castilloochotorena.com\/wordpress\/wp-content\/uploads\/2022\/10\/IMG_1313-scaled-e1664993163592-768x1024.jpg\" alt=\"\" class=\"wp-image-1890\" srcset=\"http:\/\/castilloochotorena.com\/wordpress\/wp-content\/uploads\/2022\/10\/IMG_1313-scaled-e1664993163592-768x1024.jpg 768w, http:\/\/castilloochotorena.com\/wordpress\/wp-content\/uploads\/2022\/10\/IMG_1313-scaled-e1664993163592-225x300.jpg 225w, http:\/\/castilloochotorena.com\/wordpress\/wp-content\/uploads\/2022\/10\/IMG_1313-scaled-e1664993163592-1152x1536.jpg 1152w, http:\/\/castilloochotorena.com\/wordpress\/wp-content\/uploads\/2022\/10\/IMG_1313-scaled-e1664993163592-1536x2048.jpg 1536w, http:\/\/castilloochotorena.com\/wordpress\/wp-content\/uploads\/2022\/10\/IMG_1313-scaled-e1664993163592-678x904.jpg 678w, http:\/\/castilloochotorena.com\/wordpress\/wp-content\/uploads\/2022\/10\/IMG_1313-scaled-e1664993163592.jpg 1920w\" sizes=\"auto, (max-width: 768px) 100vw, 768px\" \/><\/a><\/figure>\n<\/figure>\n\n\n\n<hr class=\"wp-block-separator has-css-opacity\"\/>\n\n\n\n<p><strong>[wp_paypal_payment]<\/strong><\/p>\n<\/div><\/div>\n","protected":false},"excerpt":{"rendered":"<p>Cuando llegu\u00e9 a M\u00e9xico hace unos meses, me pareci\u00f3 muy emocionante el hecho de venir a un pa\u00eds y ciudad nuevos donde nadie me conoc\u00eda ni sab\u00eda de mi vida o pasado. Un nuevo comienzo en un sitio donde todo est\u00e1 por escribirse, por vivirse. Esta revelaci\u00f3n me hizo pensar en el hecho de que [&hellip;]<\/p>\n","protected":false},"author":1,"featured_media":0,"parent":0,"menu_order":0,"comment_status":"closed","ping_status":"closed","template":"","meta":{"_exactmetrics_skip_tracking":false,"_exactmetrics_sitenote_active":false,"_exactmetrics_sitenote_note":"","_exactmetrics_sitenote_category":0,"footnotes":""},"class_list":["post-1887","page","type-page","status-publish","hentry","content-columns-1"],"_links":{"self":[{"href":"http:\/\/castilloochotorena.com\/index.php\/wp-json\/wp\/v2\/pages\/1887","targetHints":{"allow":["GET"]}}],"collection":[{"href":"http:\/\/castilloochotorena.com\/index.php\/wp-json\/wp\/v2\/pages"}],"about":[{"href":"http:\/\/castilloochotorena.com\/index.php\/wp-json\/wp\/v2\/types\/page"}],"author":[{"embeddable":true,"href":"http:\/\/castilloochotorena.com\/index.php\/wp-json\/wp\/v2\/users\/1"}],"replies":[{"embeddable":true,"href":"http:\/\/castilloochotorena.com\/index.php\/wp-json\/wp\/v2\/comments?post=1887"}],"version-history":[{"count":16,"href":"http:\/\/castilloochotorena.com\/index.php\/wp-json\/wp\/v2\/pages\/1887\/revisions"}],"predecessor-version":[{"id":1951,"href":"http:\/\/castilloochotorena.com\/index.php\/wp-json\/wp\/v2\/pages\/1887\/revisions\/1951"}],"wp:attachment":[{"href":"http:\/\/castilloochotorena.com\/index.php\/wp-json\/wp\/v2\/media?parent=1887"}],"curies":[{"name":"wp","href":"https:\/\/api.w.org\/{rel}","templated":true}]}}